5
Suppose 3*k - 127 = -10. What is the remainder when k is divided by 6?
3
Let n = -11 - -24. Suppose -4*l - 88 = -2*g, 0 = -5*g - l + 6*l + 235. Calculate the remainder when g is divided by n.
11
Suppose -g + 81 = o, 0*o + g + 309 = 4*o. Calculate the remainder when o is divided by 27.
24
Suppose -3*j - j - 4*o + 404 = 0, -2*o - 206 = -2*j. Calculate the remainder when j/12 - (-3)/2 is divided by 6.
4
Suppose l - 5*i = 14, 3*l - 5*i - 23 = l. Let g(y) = -3*y - 11. Let q be g(-8). Let z = q - l. Calculate the remainder when 10 is divided by z.
2
Suppose -3*l + 4*q - 136 = 2*q, -2*l - 3*q = 69. Suppose -3*k - z - 181 = 0, 41 = -k - 3*z - 30. Let x = l - k. What is the remainder when x is divided by 5?
2
Let y = -12 - -29. Let m = 64 + -57. Calculate the remainder when y is divided by m.
3
Let i(w) = -2*w + 1. Let n be i(-7). Suppose -n + 41 = 2*g. What is the remainder when 38 is divided by g?
12
Suppose 0 = t + 4*t - 60. Suppose n = 5*g + 23, -3*n - 2*g = 2*g - t. What is the remainder when 23 is divided by n?
7
Let n = 10 + -6. Suppose -n*r + 2 = -10. Let c = -5 + 8. What is the remainder when c is divided by r?
0
Let v = -11 - -34. Suppose 1 = 5*l - 4. Let g = v - l. What is the remainder when g is divided by 12?
10
Suppose -6*i = -3*i. Suppose i = d - 7 - 1. Calculate the remainder when 15 is divided by d.
7
Let l(u) be the third derivative of -u**6/120 - u**5/6 - 5*u**4/12 + 4*u**3/3 + 6*u**2. What is the remainder when l(-9) is divided by 6?
5
Let h = 11 + -10. Calculate the remainder when 3 is divided by h.
0
Suppose -w + 13 - 3 = 0. What is the remainder when 77 is divided by w?
7
Let p(s) = 3*s - 1. Let g(c) = c**2 - 3*c. Let u be g(4). What is the remainder when (-3)/12 - (-129)/u is divided by p(4)?
10
Let g(z) be the first derivative of -z**3/3 - 11*z**2/2 + 2*z + 1. Let a(s) = s**2 - 5*s - 5. What is the remainder when g(-8) is divided by a(7)?
8
Calculate the remainder when 44 is divided by 6/3 - (-15 - -1).
12
Suppose 2*x = -17 + 255. What is the remainder when x is divided by 31?
26
Let m(x) = -x - 3. Let s be m(-6). Let k = -15 + 26. Calculate the remainder when k is divided by (-2)/6 + 13/s.
3
Suppose 4 = a + 2*c, -2*a + 0*c + 15 = -3*c. Let f = -5 - -21. What is the remainder when f is divided by a?
4
Let z be (-9)/6*10/(-3). Suppose -3*u - z*q + 20 = 0, 5*q = u - 3*u + 15. Calculate the remainder when u is divided by 4.
1
Let p = 27 + -16. Let o(j) = 4*j**3 - j**2 + 1. Let l = 1 - 0. What is the remainder when p is divided by o(l)?
3
Suppose n + 112 = 3*n. Let x = n + -40. Suppose 2*l + 5*j = 7*l - 45, 3*l = 2*j + 27. What is the remainder when x is divided by l?
7
Suppose -17*z + 19*z - 128 = 0. Calculate the remainder when z is divided by 22.
20
Suppose 5*k - 113 = -4*y, 2*k - 2*y = y + 59. What is the remainder when k is divided by 8?
1
Let f = -44 + 117. Calculate the remainder when f is divided by 19.
16
Let d(q) = 2*q - 4. Let t be d(9). Let g = 38 - t. Calculate the remainder when 45 is divided by g.
21
Let y = 21 + -16. What is the remainder when y is divided by 3?
2
Let l be 1 + 4*(-2)/(-4). Suppose -2*f = -l*r - 78, 3*f + f - 2*r - 164 = 0. Suppose -6*t + 42 + 90 = 0. What is the remainder when f is divided by t?
20
Suppose -25 = -3*w + 2*m, -2*w - 4*m = w + 5. Let a be -2 - (-1 - (w - 1)). Calculate the remainder when 4 is divided by (a/9)/(1/6).
0
Suppose 3*v + v - 12 = 0. Suppose o = -v*o - 4*b + 36, 5*o - 5*b = 45. What is the remainder when 15 is divided by o?
6
Let z(p) = -p. Let x be z(0). Suppose -l - 2*l + 9 = x. Calculate the remainder when (-19)/(-3) + 8/12 is divided by l.
1
Suppose 2*f - n - 10 = -2*f, 4*f + 4*n = 20. Suppose 2*j = -f*p + 80, 0 = -j - 4*j + p + 234. Calculate the remainder when j is divided by 12.
10
Let b(t) = -t - 1. Calculate the remainder when b(-14) is divided by 4.
1
Calculate the remainder when 25 is divided by 13 - ((4 - 2) + -4).
10
Calculate the remainder when (-2 + 57/(-6))/(2/(-4)) is divided by (-2)/6*(-1 - 38).
10
Let t(i) = 19*i**2 - 2*i - 1. Let p = 269 + -192. What is the remainder when p is divided by t(-1)?
17
Let k(z) = z + 29. What is the remainder when 99 is divided by k(-12)?
14
Let n(x) = x + 7. What is the remainder when 13 is divided by n(0)?
6
Let n be -5*(-3)/((-6)/(-2)). Suppose n*a = 2*a + 57. Suppose -5*q = 14 - 49. What is the remainder when a is divided by q?
5
Let a(t) = t**2 + 30. What is the remainder when a(0) is divided by 1 - (-3)/(6/14)?
6
Suppose 2*g - 22 = -2*q, -3 + 48 = 4*q + 3*g. What is the remainder when (-22 - 0)*1*-1 is divided by q?
10
Suppose 0 = -o + 1. Suppose 3*v - 9 + o = -m, -3*v = 2*m - 4. Calculate the remainder when 12 is divided by v.
0
Let o = -6 - -4. What is the remainder when 23 is divided by ((-5)/(-15))/(o/(-78))?
10
Let q = 220 - 151. Calculate the remainder when q is divided by 18.
15
Let w = 42 + -5. Let k(q) = -q**2 + 12*q + 3. Let y be k(12). Suppose -y*r + 65 = -w. Calculate the remainder when r is divided by 12.
10
Suppose 9*r - 7*r - 12 = 0. Calculate the remainder when 70 is divided by r.
4
Let m = 4 + -2. Suppose m*y - 8 = 4. Let l = -1 + 5. Calculate the remainder when y is divided by l.
2
Suppose -686 = 4*f - 5*y, -f = 5*y - 37 + 221. Let o = 246 + f. Let r = 127 - o. Calculate the remainder when r is divided by 19.
17
Suppose 2*a - 14 + 12 = 0. What is the remainder when 1 is divided by a?
0
Let s(y) = y - 8. Let m(k) = 4. Let h(u) = -7*m(u) - 3*s(u). Suppose -t = 4*b - 15, 0 = 4*t + t + 25. Calculate the remainder when h(-4) is divided by b.
3
Suppose 4*a - 31 = 21. What is the remainder when a is divided by 7?
6
Let c(n) = n - 7. Let b be c(6). Let u be -1*(0 - (-1 - 0)). Calculate the remainder when b + (u - -3) + 20 is divided by 11.
10
Suppose 48 = 5*g - 7. Let t = 71 + -52. Calculate the remainder when t is divided by g.
8
Suppose 0 = -2*m + 3*m - 12. What is the remainder when 22 is divided by m?
10
Calculate the remainder when 46 is divided by 7/2*(-192)/(-56).
10
Let t be (2 - 0)/(-2) - -121. Suppose 0 = -0*y - 3*y - t. Let j = 63 + y. What is the remainder when j is divided by 12?
11
Let k be (-198)/10*(-1 - 4). Suppose k + 116 = 5*w. Calculate the remainder when w is divided by 15.
13
Calculate the remainder when 97 is divided by (4 - 3)/((-2)/(-50)).
22
Suppose -2*u - 10 = -4*u. Suppose h + u*z + 19 = 0, 2*h = 3*h + 3*z + 9. Calculate the remainder when 22 is divided by h.
4
Calculate the remainder when (66/24)/(1/12) is divided by 18.
15
Let u(t) = 3*t. Let c be u(1). Let d be (18/(-15))/((-6)/(-20)). Calculate the remainder when (d + c)/((-1)/29) is divided by 10.
9
Suppose -s = -12 - 5. Let b(i) = i**3 - 5*i**2 - 2. Let g be b(4). What is the remainder when s is divided by g/4*(-16)/12?
5
Let w = -57 + 100. Calculate the remainder when w is divided by 3/(4 - 38/10).
13
Suppose 16 = 4*s, -5*s - 24 = 4*n - 76. What is the remainder when 55 is divided by n?
7
Let o(n) = -n + 6. Let z be o(0). What is the remainder when 15*((-14)/z - -3) is divided by 3?
1
Let n(p) = -5*p**2 + 5 + 3 - 5*p**2. Let k be n(-6). Calculate the remainder when (-4)/6 + k/(-6) is divided by 20.
18
Calculate the remainder when 33 is divided by 18*1 - 0/7.
15
Suppose 98 = 3*a - 313. Calculate the remainder when a is divided by 20.
17
Calculate the remainder when 468/8 + 0 + (-2)/(-4) is divided by 30.
29
Calculate the remainder when 41 is divided by (42/(-8))/(3/(-8)).
13
Suppose 0 = -4*v + 11 - 3. What is the remainder when 7 is divided by v?
1
Suppose 832 + 52 = -13*w. Let y(l) = 2*l**2 - 7*l + 6. Let p be y(4). What is the remainder when (w/p)/(2/(-10)) is divided by 18?
16
Let j be -3 - (-1*22 - -1). Let d = j + 2. What is the remainder when 59 is divided by d?
19
Let w be (0 + (-2)/4)*-2. Suppose w + 10 = d. Calculate the remainder when 32 is divided by d.
10
Let d(p) = 4*p - 3. Let o = -2 - -7. Suppose -y + o = 3. Calculate the remainder when d(y) is divided by 2.
1
Let u = 7 - -2. Suppose 2*f = 19 - u. What is the remainder when 14 is divided by f?
4
Let r = -13 - -31. Calculate the remainder when 972/28 + (-2)/(-7) is divided by r.
17
What is the remainder when 44 is divided by (4/(-16))/(3/(-84))?
2
Suppose h = 3*h - 34. Let w = -166 - -232. What is the remainder when w is divided by h?
15
Let a(k) be the firs